{"id":1768,"date":"2019-01-14T20:33:43","date_gmt":"2019-01-14T20:33:43","guid":{"rendered":"http:\/\/tealduck.webhop.org:8001\/?page_id=1768"},"modified":"2019-02-04T15:24:39","modified_gmt":"2019-02-04T15:24:39","slug":"le-laboratoire-de-fabrication","status":"publish","type":"page","link":"https:\/\/www.samoussastailou.com\/index.php\/lentreprise\/le-laboratoire-de-fabrication\/","title":{"rendered":"Le Laboratoire de Fabrication"},"content":{"rendered":"<div id=\"pl-1768\"  class=\"panel-layout\" ><div id=\"pg-1768-0\"  class=\"panel-grid panel-no-style\" ><div id=\"pgc-1768-0-0\"  class=\"panel-grid-cell\" ><div id=\"panel-1768-0-0-0\" class=\"so-panel widget widget_sow-image panel-first-child\" data-index=\"0\" ><div class=\"so-widget-sow-image so-widget-sow-image-default-d6014b76747a\">\n\n<div class=\"sow-image-container\">\n\t<img src=\"https:\/\/www.samoussastailou.com\/wp-content\/uploads\/2019\/02\/factory-optimized2.jpg\" width=\"1800\" height=\"1252\" srcset=\"https:\/\/www.samoussastailou.com\/wp-content\/uploads\/2019\/02\/factory-optimized2.jpg 1800w, https:\/\/www.samoussastailou.com\/wp-content\/uploads\/2019\/02\/factory-optimized2-300x209.jpg 300w, https:\/\/www.samoussastailou.com\/wp-content\/uploads\/2019\/02\/factory-optimized2-768x534.jpg 768w, https:\/\/www.samoussastailou.com\/wp-content\/uploads\/2019\/02\/factory-optimized2-1024x712.jpg 1024w\" sizes=\"(max-width: 1800px) 100vw, 1800px\" alt=\"\" \t\tclass=\"so-widget-image\"\/>\n<\/div>\n\n<\/div><\/div><div id=\"panel-1768-0-0-1\" class=\"so-panel widget widget_sow-image\" data-index=\"1\" ><div class=\"so-widget-sow-image so-widget-sow-image-default-d6014b76747a\">\n\n<div class=\"sow-image-container\">\n\t<img src=\"https:\/\/www.samoussastailou.com\/wp-content\/uploads\/2019\/02\/3-trucks-web.jpg\" width=\"850\" height=\"407\" srcset=\"https:\/\/www.samoussastailou.com\/wp-content\/uploads\/2019\/02\/3-trucks-web.jpg 850w, https:\/\/www.samoussastailou.com\/wp-content\/uploads\/2019\/02\/3-trucks-web-300x144.jpg 300w, https:\/\/www.samoussastailou.com\/wp-content\/uploads\/2019\/02\/3-trucks-web-768x368.jpg 768w\" sizes=\"(max-width: 850px) 100vw, 850px\" alt=\"\" \t\tclass=\"so-widget-image\"\/>\n<\/div>\n\n<\/div><\/div><div id=\"panel-1768-0-0-2\" class=\"so-panel widget widget_sow-image panel-last-child\" data-index=\"2\" ><div class=\"so-widget-sow-image so-widget-sow-image-default-d6014b76747a\">\n\n<div class=\"sow-image-container\">\n\t<img src=\"https:\/\/www.samoussastailou.com\/wp-content\/uploads\/2019\/02\/truck.jpg\" width=\"850\" height=\"651\" srcset=\"https:\/\/www.samoussastailou.com\/wp-content\/uploads\/2019\/02\/truck.jpg 850w, https:\/\/www.samoussastailou.com\/wp-content\/uploads\/2019\/02\/truck-300x230.jpg 300w, https:\/\/www.samoussastailou.com\/wp-content\/uploads\/2019\/02\/truck-768x588.jpg 768w\" sizes=\"(max-width: 850px) 100vw, 850px\" alt=\"\" \t\tclass=\"so-widget-image\"\/>\n<\/div>\n\n<\/div><\/div><\/div><div id=\"pgc-1768-0-1\"  class=\"panel-grid-cell\" ><div id=\"panel-1768-0-1-0\" class=\"widget_text so-panel widget widget_custom_html panel-first-child panel-last-child\" data-index=\"3\" ><div class=\"textwidget custom-html-widget\"><p>\n\tLes produits Samoussas TA\u00cfLOU sont confectionn\u00e9s dans notre usine moderne utilisant les plus hauts standards de qualit\u00e9 et dans des conditions optimales d'hygi\u00e8ne. Les produits frais utilis\u00e9s pour la fabrication sont soigneusement s\u00e9lectionn\u00e9s et achet\u00e9s localement si possible.<\/p>\n<p>Tourn\u00e9e vers l'avenir, notre \u00e9quipe de collaborateurs de haut niveau cr\u00e9e continuellement de nouvelles recettes pour faire le plaisir des gastronomes. <\/p>\n<p>La plupart de nos produits sont fa\u00e7onn\u00e9s manuellement par nos mains expertes. Combin\u00e9 \u00e0 une organisation efficace et des \u00e9quipements \u00e0 la pointe de la technologie, cela nous permet une production journali\u00e8re de plusieurs milliers de bouch\u00e9es gourmandes qui sont ensuite livr\u00e9es \u00e0 nos points chauds et nos clients par notre propre flotte de camions Samoussas TA\u00cfLOU. <\/p>\n\t<p>Notre mission est de fabriquer un produit artisanal qui fait la fiert\u00e9 de l'\u00eele de la R\u00e9union : les Samoussas TA\u00cfLOU ! \n\t<\/p>\n\t<\/div><\/div><\/div><\/div><\/div>","protected":false},"excerpt":{"rendered":"<p>Les produits Samoussas TA\u00cfLOU sont confectionn\u00e9s dans notre usine moderne utilisant les plus hauts standards de qualit\u00e9 et dans des conditions optimales d&#8217;hygi\u00e8ne. Les produits frais utilis\u00e9s pour la fabrication sont soigneusement s\u00e9lectionn\u00e9s et achet\u00e9s localement si possible. Tourn\u00e9e vers l&#8217;avenir, notre \u00e9quipe de collaborateurs de haut niveau cr\u00e9e continuellement de nouvelles recettes pour faire&hellip; <\/p>\n","protected":false},"author":1,"featured_media":0,"parent":968,"menu_order":0,"comment_status":"closed","ping_status":"closed","template":"","meta":[],"_links":{"self":[{"href":"https:\/\/www.samoussastailou.com\/index.php\/wp-json\/wp\/v2\/pages\/1768"}],"collection":[{"href":"https:\/\/www.samoussastailou.com\/index.php\/wp-json\/wp\/v2\/pages"}],"about":[{"href":"https:\/\/www.samoussastailou.com\/index.php\/wp-json\/wp\/v2\/types\/page"}],"author":[{"embeddable":true,"href":"https:\/\/www.samoussastailou.com\/index.php\/wp-json\/wp\/v2\/users\/1"}],"replies":[{"embeddable":true,"href":"https:\/\/www.samoussastailou.com\/index.php\/wp-json\/wp\/v2\/comments?post=1768"}],"version-history":[{"count":42,"href":"https:\/\/www.samoussastailou.com\/index.php\/wp-json\/wp\/v2\/pages\/1768\/revisions"}],"predecessor-version":[{"id":2646,"href":"https:\/\/www.samoussastailou.com\/index.php\/wp-json\/wp\/v2\/pages\/1768\/revisions\/2646"}],"up":[{"embeddable":true,"href":"https:\/\/www.samoussastailou.com\/index.php\/wp-json\/wp\/v2\/pages\/968"}],"wp:attachment":[{"href":"https:\/\/www.samoussastailou.com\/index.php\/wp-json\/wp\/v2\/media?parent=1768"}],"curies":[{"name":"wp","href":"https:\/\/api.w.org\/{rel}","templated":true}]}}