{"id":1536,"date":"2019-01-13T23:08:23","date_gmt":"2019-01-13T23:08:23","guid":{"rendered":"http:\/\/tealduck.webhop.org:8001\/?page_id=1536"},"modified":"2019-02-05T16:19:52","modified_gmt":"2019-02-05T16:19:52","slug":"conseil-de-degustation","status":"publish","type":"page","link":"https:\/\/www.samoussastailou.com\/index.php\/art-des-samoussas\/conseil-de-degustation\/","title":{"rendered":"Conseil de d\u00e9gustation"},"content":{"rendered":"<div id=\"pl-1536\"  class=\"panel-layout\" ><div id=\"pg-1536-0\"  class=\"panel-grid panel-no-style\" ><div id=\"pgc-1536-0-0\"  class=\"panel-grid-cell\" ><div id=\"panel-1536-0-0-0\" class=\"widget_text so-panel widget widget_custom_html panel-first-child panel-last-child\" data-index=\"0\" ><div class=\"textwidget custom-html-widget\"><Br><center>\n<h4><u>Avant de d\u00e9guster un Samoussa TA\u00cfLOU<\/u><\/h4>\n<br>\n<p>\n\nSachez qu'il faut le caresser longuement du bout des doigts avec volupt\u00e9,<br> \nbien admirer sa couleur, sa texture et son velout\u00e9,<br>\nl'embrasser du regard et humer son parfum sans pareil,<br>\n\u00e9couter le fr\u00e9missement de son craquant, appr\u00e9cier la succulence de son ar\u00f4me.<br>\n\u00c9coutez battre votre coeur, le paradis n'est pas loin.<br>\nPuis les 5 sens en \u00e9veil et proche de l'extase, fermez \u00e0 demi les yeux<br>\net approchez tendrement vos l\u00e8vres et du bout de la langue<br> \neffleurez-le l\u00e9g\u00e8rement pour jugez sa saveur et ses promesses de bonheur.<br>\nPuis croquez : vous ne r\u00eavez pas, c'est l'extase... !<br>\n<\/p>\n<p>\n\t \n\nChaque Samoussa TA\u00cfLOU est une pi\u00e8ce unique fa\u00e7onn\u00e9e \u00e0 la main<br>\net garnie des meilleurs ingr\u00e9dients du terroir r\u00e9unionnais<br>\npour les palais les plus exigeants.<br>\nNous sommes fiers de vous le proposer !\n\t<\/p>\n\n<p>\n<i>Victorine TA\u00cfLOU<\/i>\n\t<\/p>\n\t<\/center><\/div><\/div><\/div><div id=\"pgc-1536-0-1\"  class=\"panel-grid-cell\" ><div id=\"panel-1536-0-1-0\" class=\"so-panel widget widget_sow-image panel-first-child panel-last-child\" data-index=\"1\" ><div class=\"so-widget-sow-image so-widget-sow-image-default-d6014b76747a\">\n\n<div class=\"sow-image-container\">\n\t<img src=\"https:\/\/www.samoussastailou.com\/wp-content\/uploads\/2019\/01\/samoussas-overview.jpg\" width=\"1100\" height=\"1086\" srcset=\"https:\/\/www.samoussastailou.com\/wp-content\/uploads\/2019\/01\/samoussas-overview.jpg 1100w, https:\/\/www.samoussastailou.com\/wp-content\/uploads\/2019\/01\/samoussas-overview-300x296.jpg 300w, https:\/\/www.samoussastailou.com\/wp-content\/uploads\/2019\/01\/samoussas-overview-768x758.jpg 768w, https:\/\/www.samoussastailou.com\/wp-content\/uploads\/2019\/01\/samoussas-overview-1024x1011.jpg 1024w\" sizes=\"(max-width: 1100px) 100vw, 1100px\" alt=\"\" \t\tclass=\"so-widget-image\"\/>\n<\/div>\n\n<\/div><\/div><\/div><\/div><\/div>","protected":false},"excerpt":{"rendered":"<p>Avant de d\u00e9guster un Samoussa TA\u00cfLOU Sachez qu&#8217;il faut le caresser longuement du bout des doigts avec volupt\u00e9, bien admirer sa couleur, sa texture et son velout\u00e9, l&#8217;embrasser du regard et humer son parfum sans pareil, \u00e9couter le fr\u00e9missement de son craquant, appr\u00e9cier la succulence de son ar\u00f4me. \u00c9coutez battre votre coeur, le paradis n&#8217;est&hellip; <\/p>\n","protected":false},"author":1,"featured_media":0,"parent":672,"menu_order":0,"comment_status":"closed","ping_status":"closed","template":"","meta":[],"_links":{"self":[{"href":"https:\/\/www.samoussastailou.com\/index.php\/wp-json\/wp\/v2\/pages\/1536"}],"collection":[{"href":"https:\/\/www.samoussastailou.com\/index.php\/wp-json\/wp\/v2\/pages"}],"about":[{"href":"https:\/\/www.samoussastailou.com\/index.php\/wp-json\/wp\/v2\/types\/page"}],"author":[{"embeddable":true,"href":"https:\/\/www.samoussastailou.com\/index.php\/wp-json\/wp\/v2\/users\/1"}],"replies":[{"embeddable":true,"href":"https:\/\/www.samoussastailou.com\/index.php\/wp-json\/wp\/v2\/comments?post=1536"}],"version-history":[{"count":37,"href":"https:\/\/www.samoussastailou.com\/index.php\/wp-json\/wp\/v2\/pages\/1536\/revisions"}],"predecessor-version":[{"id":3440,"href":"https:\/\/www.samoussastailou.com\/index.php\/wp-json\/wp\/v2\/pages\/1536\/revisions\/3440"}],"up":[{"embeddable":true,"href":"https:\/\/www.samoussastailou.com\/index.php\/wp-json\/wp\/v2\/pages\/672"}],"wp:attachment":[{"href":"https:\/\/www.samoussastailou.com\/index.php\/wp-json\/wp\/v2\/media?parent=1536"}],"curies":[{"name":"wp","href":"https:\/\/api.w.org\/{rel}","templated":true}]}}