{"id":1418,"date":"2019-01-13T19:35:08","date_gmt":"2019-01-13T19:35:08","guid":{"rendered":"http:\/\/tealduck.webhop.org:8001\/?page_id=1418"},"modified":"2019-02-19T16:46:39","modified_gmt":"2019-02-19T16:46:39","slug":"top-gourmand-tailou-a-saint-paul","status":"publish","type":"page","link":"https:\/\/www.samoussastailou.com\/index.php\/points-chauds\/top-gourmand-tailou-a-saint-paul\/","title":{"rendered":"Top Gourmand TA\u00cfLOU \u00e0 Saint-Paul"},"content":{"rendered":"<div id=\"pl-1418\"  class=\"panel-layout\" ><div id=\"pg-1418-0\"  class=\"panel-grid panel-no-style\" ><div id=\"pgc-1418-0-0\"  class=\"panel-grid-cell\" ><div id=\"panel-1418-0-0-0\" class=\"so-panel widget widget_sow-image panel-first-child panel-last-child\" data-index=\"0\" ><div class=\"so-widget-sow-image so-widget-sow-image-default-d6014b76747a\">\n\n<div class=\"sow-image-container\">\n\t<img src=\"https:\/\/www.samoussastailou.com\/wp-content\/uploads\/2019\/01\/saint-paul.jpg\" width=\"800\" height=\"533\" srcset=\"https:\/\/www.samoussastailou.com\/wp-content\/uploads\/2019\/01\/saint-paul.jpg 800w, https:\/\/www.samoussastailou.com\/wp-content\/uploads\/2019\/01\/saint-paul-300x200.jpg 300w, https:\/\/www.samoussastailou.com\/wp-content\/uploads\/2019\/01\/saint-paul-768x512.jpg 768w, https:\/\/www.samoussastailou.com\/wp-content\/uploads\/2019\/01\/saint-paul-272x182.jpg 272w\" sizes=\"(max-width: 800px) 100vw, 800px\" alt=\"\" \t\tclass=\"so-widget-image\"\/>\n<\/div>\n\n<\/div><\/div><\/div><div id=\"pgc-1418-0-1\"  class=\"panel-grid-cell\" ><div id=\"panel-1418-0-1-0\" class=\"widget_text so-panel widget widget_custom_html panel-first-child panel-last-child\" data-index=\"1\" ><div class=\"textwidget custom-html-widget\"><p>\n\tUne p\u00e2tisserie, boulangerie, et tous nos Samoussas,\nmais aussi des bonbons piments, nems, croquettes et beignets qui sauront r\u00e9galer les palais des plus fins gastronomes. Des boissons fra\u00eeches, une s\u00e9lection de sandwichs, un bon caf\u00e9, venez passer un moment de d\u00e9tente inoubliable.<\/p> \n<p>\nVous pouvez aussi passer commande directement dans cette boutique pour des produits cuits, surgel\u00e9s ou encore pr\u00e9cuits pour voyager.\n<\/p>\n\n<p><b>\n\tGare routi\u00e8re de Saint-Paul<br> \n\t16 Rue Leconte de Lisle, 97460 Saint-Paul<br>\n\tT\u00e9l : 0262 38 42 65<\/b>\n<\/p><\/div><\/div><\/div><\/div><\/div>","protected":false},"excerpt":{"rendered":"<p>Une p\u00e2tisserie, boulangerie, et tous nos Samoussas, mais aussi des bonbons piments, nems, croquettes et beignets qui sauront r\u00e9galer les palais des plus fins gastronomes. Des boissons fra\u00eeches, une s\u00e9lection de sandwichs, un bon caf\u00e9, venez passer un moment de d\u00e9tente inoubliable. Vous pouvez aussi passer commande directement dans cette boutique pour des produits cuits,&hellip; <\/p>\n","protected":false},"author":1,"featured_media":0,"parent":584,"menu_order":0,"comment_status":"closed","ping_status":"closed","template":"","meta":[],"_links":{"self":[{"href":"https:\/\/www.samoussastailou.com\/index.php\/wp-json\/wp\/v2\/pages\/1418"}],"collection":[{"href":"https:\/\/www.samoussastailou.com\/index.php\/wp-json\/wp\/v2\/pages"}],"about":[{"href":"https:\/\/www.samoussastailou.com\/index.php\/wp-json\/wp\/v2\/types\/page"}],"author":[{"embeddable":true,"href":"https:\/\/www.samoussastailou.com\/index.php\/wp-json\/wp\/v2\/users\/1"}],"replies":[{"embeddable":true,"href":"https:\/\/www.samoussastailou.com\/index.php\/wp-json\/wp\/v2\/comments?post=1418"}],"version-history":[{"count":29,"href":"https:\/\/www.samoussastailou.com\/index.php\/wp-json\/wp\/v2\/pages\/1418\/revisions"}],"predecessor-version":[{"id":3473,"href":"https:\/\/www.samoussastailou.com\/index.php\/wp-json\/wp\/v2\/pages\/1418\/revisions\/3473"}],"up":[{"embeddable":true,"href":"https:\/\/www.samoussastailou.com\/index.php\/wp-json\/wp\/v2\/pages\/584"}],"wp:attachment":[{"href":"https:\/\/www.samoussastailou.com\/index.php\/wp-json\/wp\/v2\/media?parent=1418"}],"curies":[{"name":"wp","href":"https:\/\/api.w.org\/{rel}","templated":true}]}}